 5*z - 4*z. Suppose z = w + w + 10. Let b(r) = w*l(r) + o(r). What is b(-2)?
1
Let p(f) = -8*f**3 - f**2 - 2*f - 2. Let j be p(-1). Let i(q) = -j - 2*q + 3 + 0 + 2. Calculate i(-2).
2
Suppose -k - 7 = z, 4*z + 13 + 13 = -2*k. Let h = 13 + z. Let o(j) be the third derivative of j**5/60 - j**4/4 + 2*j**3/3 - 53*j**2. What is o(h)?
11
Let q(w) = w**2 + w + 6. Let f = 45 - 45. Suppose -3*a + 24 = -3*k, 2*k = 3*a - f*k - 24. Let l(n) = -n**2 + 12*n - 32. Let x be l(a). What is q(x)?
6
Suppose -4*i = -0 + 16. Let o(c) = -246*c**2 + 26*c**2 + 169*c**2 + 25*c**2 + 5 + 24*c**2 - c. Give o(i).
-23
Suppose -13*i - 120 = -172. Let a(g) = 6*g**2 - 22*g - 8. Determine a(i).
0
Let u(r) = 3*r - 72. Let c(i) = 6*i - 158. Let f(z) = 4*c(z) - 9*u(z). Calculate f(15).
-29
Let w(s) be the second derivative of s**3/6 - 2*s**2 + 10*s + 2. Suppose 9*q - 35 = 10. Give w(q).
1
Let w(j) = 2*j**2 + 28*j - 72*j + 2*j**2 - 7 + 2*j**2 + 30*j. Give w(4).
33
Suppose -26*j = -3*m - 29*j + 30, -3*j - 12 = 0. Let u(b) = -2*b**3 + 26*b**2 + 27*b + 20. Calculate u(m).
6
Let d be (-492)/451*(-22)/4. Let q(g) = -d*g - g**2 + 0*g + 4*g - 5 + 9. Give q(-4).
-4
Let z = -591 - -593. Let h(k) = -8 - 4 - 8 + k**z + 25 - 8 - 8*k. Determine h(10).
17
Let y(h) be the second derivative of -h**3/6 - 13*h**2 - 1050*h + 2. What is y(14)?
-40
Let r(c) = c**2 - 13*c - 17. Let d(o) = 3*o**2 - 38*o - 50. Let b(y) = 4*d(y) - 11*r(y). Suppose 4*x - 17 = 41 - 18. Determine b(x).
-3
Let v(n) be the third derivative of 5*n**4/24 + 5*n**3/3 - 6*n**2 - n - 3. Give v(5).
35
Let p(w) be the first derivative of -126 + w + 2/3*w**3 + 3*w**2. Calculate p(-5).
21
Let z = 0 + -8. Let q be (-3)/(-24)*142*(-4 - z). Let c(t) = -72*t + 142*t - q*t - 3. Determine c(-8).
5
Let p be (-99)/(-15) + -7 + 696/(-10). Let o be 4/(-10) - 518/p. Let u(d) = -2*d**2 + 11*d - 9. What is u(o)?
-30
Let w(o) = -o - 2. Let y be (-14)/(-49) - 1758/(-21). Let h = 86 - y. Give w(h).
-4
Let b(y) = y**3 - y. Let r(t) = -5*t**3 + t**2 + 10*t - 4. Let p(m) = 4*b(m) + r(m). Let g = 48 + -44. Determine p(g).
-28
Let o(s) = -7*s**2 + 38*s - 11. Let u(t) = 3*t**2 - 19*t + 8. Let v(l) = 2*o(l) + 5*u(l). Calculate v(19).
18
Let d(n) = 0 - n**2 - 3 + 2. Let c(b) = 3*b**3 + 7*b**2 + 3*b + 6. Let q = 133 - 132. Let u(g) = q*c(g) + 4*d(g). Give u(-2).
-16
Suppose 0 = -3*p + 4*m - 11, 3*p - 5*p = 2*m - 2. Let a(n) = 217 - 3*n**3 - 71 - n - 71 - 76. Give a(p).
3
Let g be 44/28 + 6/14. Suppose -f - 170*s = -167*s + 23, s - 18 = g*f. Let z(n) = -n**3 - 10*n**2 + 11*n + 3. What is z(f)?
3
Let b(t) = 2*t**2 + 4*t - 4. Let s(x) = -26*x**3 - 4*x**2 + 5. Let m be s(-2). Let j = 193 - m. What is b(j)?
12
Let o be -37 + 5 - (-13)/(117/108). Let c(t) = 2*t**3 + 40*t**2 - 3*t - 25. Determine c(o).
35
Suppose -2*l = -t - l + 11, 7 = -3*t - 5*l. Let p(v) be the second derivative of -7/2*v**2 - 1/12*v**4 + 25 + 3/2*v**3 + 3*v. Give p(t).
11
Let p(j) = -j + 18. Let v be (-1 - -1) + -14*(-35)/14. Let l be 3 - (-46)/(-14) - (-395)/v. What is p(l)?
7
Let f(b) = -b**3 + 2*b + 1. Let w = 733 - 355. Suppose -w*s + 11 = -389*s. Calculate f(s).
0
Let i(g) = -3*g - 16. Let m = 1820 + -1812. Calculate i(m).
-40
Let j(o) = -o**2 - 4. Let s = -69 - -73. Let d(u) = u**3 - 5*u**2 + 6*u - 8. Let n be d(s). Suppose -z + n*z = -4*z. Determine j(z).
-4
Let k(y) = -4 - 13*y**3 + 40*y + 6*y**2 + 42*y + 40*y - 119*y + 15*y**3. What is k(-4)?
-48
Let z(r) = -4*r + 44. Let i(w) = -11*w + 128. Let k(l) = 6*i(l) - 17*z(l). Determine k(-16).
-12
Let j(x) be the second derivative of x**4/12 + 5*x**3/3 + x**2 - 3840*x. Suppose 10 + 17 = -3*b - 3*a, 0 = 2*b - a + 27. What is j(b)?
26
Let v(t) = -1999*t**2 + 3979*t**2 + 34 - 1982*t**2 + 19*t. Calculate v(14).
-92
Let c = 45807 - 45810. Let f(u) be the third derivative of -u**5/60 + u**4/12 - u**2. Give f(c).
-15
Let f(b) = 202 + 286 - 110 - 11*b + 8*b - 7*b. Give f(38).
-2
Let c(g) = -173745*g**2 + 86868*g**2 + 29*g + 86875*g**2 - 54. Give c(13).
-15
Let q(k) = 7*k**2 + 7*k + 1. Let l(s) = s**2 + s. Let a be ((-3)/(-5))/(1/10). Let z(w) = a*l(w) - q(w). Let r be 15/7 - 5/(-70)*-2. What is z(r)?
-7
Suppose 7*o = -h + 2*o - 13, 6 = -2*o. Suppose 0 = h*i + 2 + 4. Let g be 30/10*(-5)/i. Let f(w) = w - 8. Give f(g).
-3
Let p(c) = -8*c + 6. Let x = 2907 + -2897. What is p(x)?
-74
Let w(y) = -y**2. Suppose -2 - 10 = -d. Suppose 60*f - 54*f + d = 0. Calculate w(f).
-4
Let i be (-10)/(30/9)*4/6. Let g be i - -3 - (-12 + 7). Let z(y) = -259*y - g - 2*y**2 + 261*y + y**2. Calculate z(4).
-14
Let b(j) = -9 + j**3 + 31 - j - 7 - 6*j**2 - 11. Let w(c) = -c + 5. Let q be w(0). Determine b(q).
-26
Let y(j) = j**2 - 11*j - 13. Let x = 286 + -283. Suppose x*o - 29 = -7*u + 5*u, o - 14 = -u. Determine y(u).
13
Let p = -3854 - -3850. Let h(j) = 3*j**2 + 3*j + 9. Let q(c) = c**2 + c + 1. Let g(o) = -h(o) + 4*q(o). Calculate g(p).
7
Suppose -32 = -5*t - 7. Let o(y) = -13*y**2 - 8*y + 779. Let v(d) = 8*d**2 + 6*d - 487. Let p(l) = 5*o(l) + 8*v(l). Determine p(t).
14
Suppose 0 = 191*c - 186*c. Let g(u) = -u**3 - 10*u**2 + 5*u - 4. Let f(q) = q**3 + 8*q**2 - 4*q + 3. Let t(p) = -5*f(p) - 4*g(p). Give t(c).
1
Let x be 1/1 + 1/1. Let p(v) = 0*v - v + v**3 - x*v**3 + 2*v**2 + 4*v. Determine p(-2).
10
Suppose 4*q = -5*h + 2693, -12*q - 2685 = -16*q + 3*h. Let a = q - 662. Let n(s) = s**3 - 12*s**2 + 20*s - 5. Give n(a).
-5
Suppose -4*v + 7*q - 6*q + 13 = 0, -5*v = -5*q - 35. Suppose 5*o + 60 = -5*m, 0 = -3*o + v*o + 3*m + 8. Let g(u) = -2*u**2 - 8*u. Give g(o).
-42
Let v(p) = -2*p**2 - 46*p - 24. Let z be 10/6 + ((-240)/9 - -3). What is v(z)?
20
Let a(z) be the second derivative of 5*z**3/3 + 25*z**2/2 - z - 44. Give a(-4).
-15
Let q(p) = -p**3 + 8*p**2 + 23*p - 18. Let o = 7628 + -7618. Determine q(o).
12
Let c(l) = 816*l + 12. Let r be c(1). Suppose -4*m - r = 5*m. Let h = m - -88. Let a(d) = d - 1. Determine a(h).
-5
Let w(p) be the third derivative of -13*p**6/12 - p**5/60 + p**4/24 - p**3/6 - 112*p**2 + p - 4. What is w(1)?
-131
Let g(r) be the second derivative of 1/2*r**4 + 3*r - 1/20*r**5 + 2*r**2 + 2 - 4/3*r**3. Determine g(5).
-11
Let r(b) = b - 26. Let s = -2778 - -2778. Determine r(s).
-26
Let u(o) = -o**2 - 3*o - 6. Let f(h) = -3*h**2 - 5*h - 13. Let p(v) = 2*f(v) - 5*u(v). Let z = 7697 - 7692. Calculate p(z).
4
Suppose 27*k - 116 - 532 = 0. Let c(y) = -y**3 + y**2 + k + 22 - 42. Calculate c(2).
0
Let x(r) be the second derivative of -r**5/20 + 5*r**4/12 + r**3/3 - 7*r**2/2 - 330*r - 2. Let c be 4 - (-3)/(-1 + 4). What is x(c)?
3
Let b(l) = -l + 2. Let k(y) = -y**2 + 23*y - 101. Let n(f) = -7*b(f) + k(f). Calculate n(25).
10
Let f = -124 + 565. Let i = f + -442. Let l(w) = 4*w + 20. Let y(h) = h + 7. Let v(r) = 6*l(r) - 17*y(r). Give v(i).
-6
Let j(q) = q**2 + 9*q + 8. Suppose 3*d + 0*d - 147 = 0. Let r = 94 - 39. Let b = d - r. Determine j(b).
-10
Let j(q) = 3*q**3 + 6*q**2 - 2 + 9 - 2*q**3 - 2 - 11*q**2 - 2*q. Let t(r) = r + 1. Let w(z) = j(z) + t(z). What is w(5)?
1
Let r(p) = 1372930*p + 1372929*p + 3 - 2745860*p. Suppose -6*j = -j. Determine r(j).
3
Let i(o) = o - 1. Let s(h) = -23*h - 21 - 11 + 55 - 17. Let x(f) = -5*i(f) - s(f). Calculate x(-1).
-19
Let y(c) be the third derivative of 0 + 5/24*c**4 + 0*c + 14*c**2 - 2/3*c**3. Let k(g) = -4*g + 4. Let w(r) = -7*k(r) - 6*y(r). Determine w(-5).
6
Let s(z) = z**3 - 217271*z - 11 + 108638*z - 8*z**2 + 108645*z. Calculate s(8).
85
Let x(h) = h**3 - 17*h**2 - 18*h + 2. Suppose 3*j = 4*m + 78, -6 = -7*j + 8*j + 4*m. Determine x(j).
2
Let a(q) be the first derivative of 23*q**2/2 - 6*q + 1711. What is a(-2)?
-52
Suppose 0 = -12*z + 54*z - 630. Suppose 0 = 4*h - l + 6*l - 57, h + 2*l = z. Let n(i) = -i**2 + 12*i - 19. What is n(h)?
-32
Let h(d) be the third derivative of 0 + 1/6*d**5 + 0*d - 1/120*d**6 + 1/24*d**4 - 3/2*d**3 - 87*d**2. Give h(10).
1
Let a(g) = 3*g**3 + 12*g**2 + 5*g - 6. Let n(j) = 2*j**3 + 6*j**2 + 4*j - 4. Let s(w) = 3*a(w) - 5*n(w). Give s(4).
14
Let o(i) = -7*i - 12. Let p(v) = 6*v + 11. Let r(m) = -5*o(m) - 6*p(m). Let g be ((-128)/(-48))/(-4) - (-435)/45. Give r(g).
-15
Let w(n) be the second derivative of -3*n**5/10 - n**4/6 + n**3/2 - n**2 - 43*n - 4. Determine w(1).
-7
Suppose -m = -5*z + 33, -5*m = -3*z - 2*z + 25. Let x(u) = -16*u**2 + 10*u**2 + 8*u + 9 + z*u**2. What is x(-7)?
2
Let